rime factors of 3991782?
2, 3, 37, 17981
What are the prime factors of 1191738?
2, 3, 198623
What are the prime factors of 9844915?
5, 1968983
What are the prime factors of 699794?
2, 31, 11287
List the prime factors of 897869.
7, 29, 4423
List the prime factors of 4046475.
3, 5, 163, 331
List the prime factors of 997592.
2, 124699
What are the prime factors of 260448?
2, 3, 2713
List the prime factors of 14591486.
2, 7, 13, 80173
List the prime factors of 538795.
5, 197, 547
List the prime factors of 197960.
2, 5, 7, 101
List the prime factors of 6214286.
2, 13, 457, 523
What are the prime factors of 292854?
2, 3, 48809
List the prime factors of 575036.
2, 7, 11, 1867
List the prime factors of 225793.
43, 59, 89
What are the prime factors of 13032440?
2, 5, 43, 7577
List the prime factors of 1439909.
1439909
What are the prime factors of 5071647?
3, 7, 34501
List the prime factors of 6677054.
2, 3338527
What are the prime factors of 539963?
89, 6067
List the prime factors of 239442.
2, 3, 7, 5701
List the prime factors of 3654919.
3654919
What are the prime factors of 4578674?
2, 197, 11621
What are the prime factors of 2157728?
2, 67429
What are the prime factors of 5351404?
2, 1337851
What are the prime factors of 3501518?
2, 29, 73, 827
What are the prime factors of 1564777?
1564777
What are the prime factors of 18149842?
2, 1811, 5011
List the prime factors of 21895202.
2, 7, 1563943
What are the prime factors of 16778305?
5, 3355661
List the prime factors of 4811255.
5, 17, 23, 107
List the prime factors of 90102.
2, 3, 15017
List the prime factors of 1889.
1889
What are the prime factors of 122394?
2, 3, 20399
What are the prime factors of 288321?
3, 11, 8737
List the prime factors of 753828.
2, 3, 62819
List the prime factors of 979345.
5, 195869
What are the prime factors of 1069476?
2, 3, 89123
List the prime factors of 254521.
199, 1279
List the prime factors of 320940.
2, 3, 5, 1783
List the prime factors of 409588.
2, 102397
List the prime factors of 3151155.
3, 5, 7, 30011
List the prime factors of 328314.
2, 3, 7, 7817
List the prime factors of 61874.
2, 30937
What are the prime factors of 1821137?
1821137
What are the prime factors of 4489850?
2, 5, 89797
List the prime factors of 2152691.
2152691
What are the prime factors of 5895761?
5895761
List the prime factors of 13629078.
2, 3, 757171
List the prime factors of 23090705.
5, 11, 419831
What are the prime factors of 2626668?
2, 3, 11, 67
List the prime factors of 2280536.
2, 89, 3203
List the prime factors of 2855643.
3, 7, 17, 19, 421
List the prime factors of 223783.
7, 4567
List the prime factors of 163975.
5, 7, 937
What are the prime factors of 2672605?
5, 13, 41117
List the prime factors of 3970184.
2, 47, 10559
List the prime factors of 16855133.
16855133
List the prime factors of 3050238.
2, 3, 508373
What are the prime factors of 1327208?
2, 165901
List the prime factors of 2954810.
2, 5, 23, 29, 443
List the prime factors of 225056.
2, 13, 541
What are the prime factors of 666696?
2, 3, 27779
What are the prime factors of 89276?
2, 11, 2029
List the prime factors of 44613.
3, 4957
List the prime factors of 1606581.
3, 157, 379
List the prime factors of 7153010.
2, 5, 715301
What are the prime factors of 136163?
136163
What are the prime factors of 312448?
2, 2441
What are the prime factors of 811105?
5, 162221
List the prime factors of 14084186.
2, 7042093
What are the prime factors of 2488116?
2, 3, 207343
What are the prime factors of 13266799?
7, 13, 59, 353
What are the prime factors of 1989624?
2, 3, 7, 13, 911
List the prime factors of 11678928.
2, 3, 243311
List the prime factors of 1324865.
5, 29, 9137
List the prime factors of 1190403.
3, 44089
List the prime factors of 1707055.
5, 7, 17, 19, 151
What are the prime factors of 277180?
2, 5, 13859
What are the prime factors of 2369337?
3, 409, 1931
List the prime factors of 230999.
230999
What are the prime factors of 9230268?
2, 3, 23, 53, 631
What are the prime factors of 583468?
2, 199, 733
What are the prime factors of 1246711?
1246711
List the prime factors of 3893113.
7, 556159
List the prime factors of 264035.
5, 52807
What are the prime factors of 15420997?
113, 239, 571
List the prime factors of 778814.
2, 163, 2389
List the prime factors of 2426356.
2, 606589
List the prime factors of 165133.
165133
What are the prime factors of 10879459?
10879459
List the prime factors of 4621032.
2, 3, 13, 4937
List the prime factors of 11475148.
2, 2868787
List the prime factors of 6696870.
2, 3, 5, 223229
What are the prime factors of 1936338?
2, 3, 181, 1783
List the prime factors of 1161235.
5, 271, 857
What are the prime factors of 8673956?
2, 19, 61, 1871
What are the prime factors of 1605412?
2, 17, 23609
What are the prime factors of 571061?
59, 9679
What are the prime factors of 1523445?
3, 5, 7, 11, 1319
List the prime factors of 14119200.
2, 3, 5, 37, 53
List the prime factors of 1643014.
2, 821507
What are the prime factors of 286397?
286397
What are the prime factors of 348333?
3, 67, 1733
What are the prime factors of 1443384?
2, 3, 20047
What are the prime factors of 1263544?
2, 59, 2677
List the prime factors of 13860429.
3, 11, 38183
What are the prime factors of 384171?
3, 37, 3461
What are the prime factors of 7419646?
2, 13, 137, 2083
List the prime factors of 348107.
127, 2741
What are the prime factors of 358796?
2, 19, 4721
What are the prime factors of 14903718?
2, 3, 2483953
What are the prime factors of 152258?
2, 76129
List the prime factors of 19773900.
2, 3, 5, 127, 173
List the prime factors of 909679.
909679
List the prime factors of 131873.
7, 18839
List the prime factors of 1951588.
2, 487897
What are the prime factors of 520863?
3, 7, 17, 1459
List the prime factors of 2552711.
7, 47, 7759
What are the prime factors of 2747814?
2, 3, 157, 2917
What are the prime factors of 9538?
2, 19, 251
List the prime factors of 221027.
19, 11633
List the prime factors of 1982248.
2, 247781
List the prime factors of 246436.
2, 61609
What are the prime factors of 163466?
2, 37, 47
List the prime factors of 900175.
5, 36007
What are the prime factors of 11395749?
3, 3798583
List the prime factors of 14902881.
3, 7, 193, 3677
What are the prime factors of 6776814?
2, 3, 11, 102679
List the prime factors of 3241734.
2, 3, 409, 1321
List the prime factors of 111612.
2, 3, 71, 131
What are the prime factors of 14619036?
2, 3, 113, 10781
What are the prime factors of 14010181?
1531, 9151
What are the prime factors of 567919?
11, 17, 3037
List the prime factors of 4597047.
3, 7, 13, 1871
List the prime factors of 5042748.
2, 3, 61, 83
What are the prime factors of 547206?
2, 3, 11, 8291
What are the prime factors of 588866?
2, 79, 3727
List the prime factors of 3331526.
2, 11, 151433
What are the prime factors of 157406?
2, 211, 373
What are the prime factors of 733?
733
What are the prime factors of 2464701?
3, 601, 1367
List the prime factors of 822769.
37, 601
What are the prime factors of 12663789?
3, 4221263
What are the prime factors of 115536?
2, 3, 29, 83
What are the prime factors of 2832586?
2, 1416293
List the prime factors of 1176874.
2, 588437
List the prime factors of 101376.
2, 3, 11
List the prime factors of 14357376.
2, 3, 11, 103
List the prime factors of 1835802.
2, 3, 79, 1291
What are the prime factors of 1644243?
3, 37, 14813
List the prime factors of 4972644.
2, 3, 41, 1123
List the prime factors of 495967.
495967
What are the prime factors of 529799?
523, 1013
What are the prime factors of 1963022?
2, 107, 9173
List the prime factors of 2549231.
277, 9203
List the prime factors of 1658421.
3, 239, 257
List the prime factors of 702011.
702011
What are the prime factors of 354797?
197, 1801
List the prime factors of 182833.
7, 26119
What are the prime factors of 421606?
2, 210803
List the prime factors of 836540.
2, 5, 151, 277
List the prime factors of 1051032.
2, 3, 43793
List the prime factors of 2697516.
2, 3, 24977
What are the prime factors of 72369?
3, 11, 17, 43
What are the prime factors of 996905?
5, 7, 13, 313
What are the prime factors of 591194?
2, 29, 10193
What are the prime factors of 167401?
13, 79, 163
List the prime factors of 11437674.
2, 3, 71, 26849
Li